units digit of s(12)?
6
Let l(k) be the first derivative of -5*k**4/4 + k**2 + k + 19. What is the units digit of l(-1)?
4
Let o be 7 + (0/(-3) - 2). Suppose 177 = o*h + 12. What is the tens digit of h?
3
Suppose -3*z = z - 92. Let v = 28 - z. What is the units digit of v?
5
Suppose 4*m - 40 = -5*t, 5*m - 7 = 2*t + 2*m. Let o = t - -4. Suppose 57 = 11*d - o*d. What is the units digit of d?
9
Let a(q) = -2*q - 34*q**2 + 1 + 32*q**2 + 1 + 3*q**3. Let g(o) = o - 11. Let m be g(13). What is the tens digit of a(m)?
1
Suppose 2*i = 791 - 239. What is the units digit of i?
6
Let x(y) = y**3 + 4*y**2 + 2*y + 2. Let j be x(-3). Suppose -s + 1 = -3*s - r, -s + 10 = 4*r. Let b = j + s. What is the units digit of b?
3
What is the hundreds digit of ((12/18)/1)/((-2)/(-3381))?
1
Suppose 56*v + 10197 = 65*v. What is the thousands digit of v?
1
Let x(q) = 13*q**2 + 1. Let b(c) = -c**3 + 4*c**2 + 6*c - 6. Let m(r) = -r - 1. Let h be m(-6). Let d be b(h). What is the tens digit of x(d)?
1
Suppose 1407 = -6*j + 13*j. Suppose -j = -3*w - 72. What is the tens digit of w?
4
Suppose 3*x + y - 31 = 2*x, 0 = 3*x + 2*y - 89. Suppose 408 = 30*c - x*c. What is the units digit of c?
6
What is the tens digit of (-598)/(-6) + (-12)/(-9)?
0
Suppose -28266 = 8*k - 22*k. What is the hundreds digit of k?
0
Let o(t) = t**2 + 3 - 4 - 7*t - 2. Let x be o(8). Suppose x*m - 22 = 48. What is the units digit of m?
4
Let q(v) be the first derivative of v**2 - v + 10. Let y be q(2). Suppose -y*p + w + 15 = -2*w, 5 = 3*p - 5*w. What is the units digit of p?
0
Let j = 23 - 19. Suppose -127 + 3 = -2*s. Suppose 4*p = -p - x + 70, -j*p = 2*x - s. What is the tens digit of p?
1
Let m be -1*(-1)/(-2)*-2. What is the tens digit of (83 - 0)/m + -4?
7
Let t = 282 - 201. What is the units digit of t?
1
Let d(u) be the second derivative of -u**3/2 + 2*u**2 - 4*u. Let w be d(-3). Suppose -2*y - 4*z = -w - 49, 0 = -5*y + z + 155. What is the tens digit of y?
3
Suppose -6 - 9 = -3*x. Suppose 4*d - x = -d. What is the units digit of d/2 + 7/2?
4
Let x(o) = -26 + 41 + o + 34 + 18. What is the units digit of x(0)?
7
Let h(k) be the third derivative of 0 - k**3 + 5/12*k**4 - 1/10*k**5 + 1/120*k**6 + 0*k - 4*k**2. What is the tens digit of h(6)?
5
Let m = 49 + -49. What is the tens digit of (-272)/(-4) + (3 - m)?
7
Suppose -4*n - 462 = -11*n. Suppose 15 - n = -l. What is the tens digit of l?
5
What is the hundreds digit of 4/42 + (-2)/(-42)*9553?
4
Suppose 3*s + 3 - 12 = 0. Let x = -3 - s. Let y(r) = 2*r**2 + 10*r + 7. What is the tens digit of y(x)?
1
Let j(o) = -3*o + 7. Let a be j(5). Let w = 8 + a. Suppose -4*h + w*u + u + 61 = 0, -92 = -5*h - 4*u. What is the units digit of h?
6
Let f = -1137 - -2316. What is the tens digit of f?
7
Suppose -5*m = 2*f - 2000, -4 + 9 = -f. What is the hundreds digit of m?
4
Let p = 2627 - 686. What is the hundreds digit of p?
9
Suppose -z - 11*z = -2976. What is the units digit of z?
8
Let x be 4/(-26) - (-48)/(-156)*6. Let d be -1 - 0*(-3)/6. What is the tens digit of 2 + x + (39 - d)?
4
Suppose 79 = -3*s + 4*s + 4*l, -142 = -2*s - 4*l. Suppose 0 = 4*w + u - s, 58 = -5*w + 9*w + 2*u. What is the tens digit of w?
1
Let i be (2 - 2)*3*3/9. Let f(s) = s**2 - s + 19. What is the units digit of f(i)?
9
Let m = -19 + 15. Let s(t) = -2*t**3 - 4*t**2 + 4*t + 6. What is the tens digit of s(m)?
5
Suppose 1084 = 4*f - 0*v - 4*v, 0 = 4*f + v - 1094. What is the units digit of f?
3
Let v(t) = 2*t**2 - 4*t + 35. What is the hundreds digit of v(-13)?
4
Let c = -829 - -1276. What is the units digit of c?
7
Suppose 2*c = 2*s + 90, 177 = 4*c - 2*s - s. What is the tens digit of c?
4
Let c(n) = 74*n**3 - 3*n**2 + 6*n - 7. What is the tens digit of c(2)?
8
Suppose -22*n + 20*n + 380 = 0. Suppose 21*p - n = 16*p. What is the tens digit of p?
3
Let q = 38 + -20. Suppose 2*a = -5*w - 70, 5*w - 4*a + 70 = -a. Let u = q + w. What is the units digit of u?
4
What is the tens digit of (5 + 7/(-4) - 4)*-172?
2
Suppose 6*x - x - 1255 = 0. Let o = x + -167. What is the tens digit of o?
8
Suppose -s + t = -2679, 4*s + 131*t - 133*t = 10712. What is the tens digit of s?
7
Let w be (-1972)/(-36) + 10/45. Suppose -9 - w = -4*h. What is the tens digit of h?
1
Suppose -6*b + 1 + 5 = 0. What is the tens digit of b*133/3*3?
3
Let l be 6 - 3/3*2. Suppose 0 = -9*n + l*n. Suppose 5*j + 3*s = -n*j + 103, s = -4. What is the tens digit of j?
2
Suppose 6*g = 21 + 297. Let m = g + -26. What is the tens digit of m?
2
Suppose 2*v + 5*t + 1 = 0, 2*v + t - 39 = 4*t. What is the units digit of 12*((-8)/(-32) - (-209)/v)?
2
Suppose -3*d + 5*d = 12. Suppose 288 = p - d. What is the hundreds digit of p?
2
Let z = 3070 + -1174. What is the units digit of z?
6
Let b(u) = 8 - 35 - 10 + 12 - 7*u. What is the units digit of b(-13)?
6
Suppose -4*a + 5*w = -633, 2*a - 5*w = 530 - 221. What is the tens digit of a?
6
Let b(k) = -2*k**2 - 54*k + 21. What is the tens digit of b(-22)?
4
Suppose 4*o - o = 6. Suppose -134 = -o*i + 78. What is the units digit of i?
6
Let m(y) = -26*y**3 - 4 + 14*y**3 + 0*y**2 - y + 16*y**3 + 7*y**2. What is the tens digit of m(3)?
6
Suppose -5*u + 36 - 7 = 3*k, -3*u + 33 = 3*k. Let s be (-36)/(-7) - k/91. Suppose -r - 8 = h - 26, -s*r = -5*h + 140. What is the units digit of h?
3
Suppose 3*h - 4*q - 64 = 0, 2*h + 0*q - 4*q = 48. Suppose -4*j = l + 2*l - 232, 0 = -4*j + h. What is the units digit of l?
2
Let g(j) = -j**3 - 5*j**2 - 3*j + 5. Let h be g(-4). Let w(n) = n**3 - n**2 + 1. Let b be w(h). What is the units digit of (6/18)/(b/18)?
6
Suppose -3*d = 2*d + 180. Let l = -25 - d. Suppose l*w + 52 = 12*w. What is the units digit of w?
2
Suppose -3*d + 3*j = -5637, -2*d - 3*j - 1877 = -3*d. What is the tens digit of d?
8
Let m(i) = -i**3 + 36*i**2 + 32*i - 82. What is the thousands digit of m(34)?
3
Let s(z) = -z**3 + 4*z**2 + 6*z + 1. Let d = -28 + 42. Let l be (6/(-3))/(d/(-35)). What is the units digit of s(l)?
6
Suppose h - 28 - 31 = 0. Let o = 96 - h. What is the tens digit of o?
3
Let u(p) = 49*p - 3. Let s be u(-3). Let i = 43 - s. Suppose -3*o - 16 + i = 0. What is the tens digit of o?
5
Let r(i) = -i + 4. Let p be r(2). Let d(t) = -2*t - 11. Let n be d(-8). Suppose -5*b - 3*x = -249, p*b + n*x - 194 = -2*b. What is the tens digit of b?
5
Let z = 84 - 44. Suppose 0 = -4*b + 2*f + 312 - z, -5*f + 355 = 5*b. What is the units digit of b?
9
Suppose -2*h = -2*j - 18, 4*h - 2 = -2*j + 4. Let f(p) = 2*p**2 - 4*p - 1. What is the units digit of f(h)?
5
Let m(n) = -2*n - 13. Let t be m(-7). Let o(k) = 3*k**3 + k**2 - 2*k + 2. Let b be o(t). Suppose -197 = -b*a + 55. What is the tens digit of a?
6
Let r be 3/(-6) - 30/(-4). Let p(s) = -s + 10. Let k be p(r). Suppose 3*v + 2*t = 72, 4*v - k*t = 3*v + 35. What is the tens digit of v?
2
Suppose 1 - 3 = -b. Suppose -136 = -2*t + b*s, -34 = -5*t - 3*s + 338. Suppose -6*m + t = -2*m. What is the tens digit of m?
1
Let t(f) = f**2 - 18*f - 169. What is the tens digit of t(-17)?
2
Let g(j) be the third derivative of j**5/10 - j**4/8 + 5*j**2. Let t be g(4). Suppose -4*m = -2*n + t, -3*n - 9 = -5*m - 133. What is the tens digit of n?
3
Let y be (18 + -2)/8 + 1 + -3. Suppose y = 6*h + 207 - 1281. What is the units digit of h?
9
Suppose -f = 11*f - 6624. What is the hundreds digit of f?
5
Let u = 1 + -4. Let l be (u/(-9))/((-1)/(-24)). What is the tens digit of 29 + 1 - (-8)/l?
3
Suppose 0 = -5*z - 0*r + 4*r + 24, 3*r = -2*z + 5. Suppose -5*u - 70 = -2*j - 3*u, u + 143 = z*j. What is the units digit of j?
6
Let f = -6 - -9. Suppose 2*k - f*j = 12, k + 0*j = 2*j + 7. Suppose -u - 3*m + 28 = 0, -k*u = -3*m + 5*m - 112. What is the tens digit of u?
4
Suppose -6*m - 123 = -807. What is the hundreds digit of m?
1
Let o(a) = -11*a + 253. What is the hundreds digit of o(0)?
2
Let r(p) = 37*p + 8. Let d be r(2). Let y = -32 + d. What is the units digit of y?
0
Suppose -5*m = 15, h + 4*m + 22 = 3*h. Suppose h*v + 0 = 30. What is the tens digit of v/(-9) - 195/(-9)?
2
Let n = -165 + 96. What is the units digit of n*-1*(-8)/(-12)?
6
Let k = -823 + 2479. What is the tens digit of k?
5
Suppose -2*b - 197 = -3*b. What is the units digit of b?
7
Let p be 8/(-10)*(-10)/(-4). Let v(i) be the third derivative of -i**5/60 - i**4/6 + 2*i**2. What is the units digit of v(p)?
4
Su